

{"id":28,"date":"2018-03-08T09:21:57","date_gmt":"2018-03-08T09:21:57","guid":{"rendered":"http:\/\/kjemi.no\/oslo2\/?page_id=28"},"modified":"2018-03-08T09:31:29","modified_gmt":"2018-03-08T09:31:29","slug":"moter-2008-2016","status":"publish","type":"page","link":"https:\/\/kjemi.no\/oslo\/moter-2008-2016\/","title":{"rendered":"M\u00f8ter 2008 &#8211; 2016"},"content":{"rendered":"<h2>Program 2016<\/h2>\n<h3>Torsdag 2. juni<\/h3>\n<p>Foredrag av Caitlin McQueen, Emilt McHale, Fabrizio Andriulo og Susan Braovac:<br \/>\n<b>&laquo;The Saving Oseberg Project \u2013 Chemistry for the salvation of Viking Age wooden artefacts??&raquo;<\/b><\/p>\n<p>&nbsp;<\/p>\n<h2>Program 2015<\/h2>\n<h3>Torsdag 19. februar<\/h3>\n<p>Generalforsamling.<\/p>\n<p>Foredrag av Professor Stig Ove B\u00f8e, Oslo Universitetssykehus, Rikshospitalet,\u00a0Institutt for Klinisk Biokjemi<\/p>\n<p><b>Nobelprisen i kjemi 2014<\/b><\/p>\n<h3>Torsdag 30. april<\/h3>\n<p>Alexander \u00c5strand: <b>&laquo;Antibiotikaresistens &#8211; Hva dreier det seg om og hva kan kjemikere bidra med?&raquo;<\/b><\/p>\n<h2>Program 2014<\/h2>\n<h3>Torsdag 13. februar<\/h3>\n<p>Generalforsamling.<\/p>\n<p>Foredrag av Professor Trygve Helgaker,<br \/>\nCentre for Theoretical and Computational Chemistry (CTCC), Kjemisk Institutt, UiO<\/p>\n<p><b>Nobelprisen i kjemi 2013:\u00a0Martin Karplus, Michael, Levitt og Arieh Warshel for &laquo;the development of multi scale models for complex chemical systems&raquo;<\/b><\/p>\n<p>&nbsp;<\/p>\n<h3>Torsdag 27. februar<\/h3>\n<p>Ekstraordin\u00e6r generalforsamling<\/p>\n<h3>Torsdag 10. April<\/h3>\n<p><b>Morten Bj\u00f8rgen, sjefingeni\u00f8r og revisjonsleder hos Norsk akkreditering.<\/b><\/p>\n<h3>Torsdag 8. mai<\/h3>\n<p>Ingrid Elisabeth Skistad, produktutvikler hos Arcus: <b>&laquo;\u00d8lbrygging ER bioteknologi&raquo;<\/b><\/p>\n<p>&nbsp;<\/p>\n<h3>Tirsdag 3. juni<\/h3>\n<p>Aslak Godal, Ph.D.,<br \/>\nDirector preclinical R&amp;D, Photocure ASA: <b>&laquo;Precursor-basert fotodynamisk terapi og diagnose&raquo;<\/b><\/p>\n<h3>Torsdag 6. november<\/h3>\n<p>Bedriftsbes\u00f8k til<br \/>\n<b>Arcus sitt destilleri p\u00e5 Gjeller\u00e5sen<\/b><\/p>\n<h2>Program 2013<\/h2>\n<h3>Torsdag 14. februar<\/h3>\n<p>Generalforsamling .<\/p>\n<h3>Torsdag 14. Mars<\/h3>\n<p>Foredrag av Trygve Eklund fra Teknologisk Matforum: <i>Kampen mot tilsEttningsstoffEnE<\/i>.<\/p>\n<h3>Torsdag 18. April<\/h3>\n<p>Bedriftsbes\u00f8k hos Diplom-Is.<\/p>\n<h3>Onsdag 8. Mai<\/h3>\n<p>Foredrag av Per-Anders Hansen fra Kjemisk institutt, UiO: <i>Nye materialer til solceller: bare en kuriositet?<\/i>.<\/p>\n<h3>Torsdag 3. oktober<\/h3>\n<p>Foredrag av Tor Erik Kristen fra FFI: <i>Ammoniumnitrat \u2013 Historie, legal og illegal bruk<\/i>.<\/p>\n<h2>Program 2012<\/h2>\n<h3>Torsdag 2. februar<\/h3>\n<p>Generalforsamling .<\/p>\n<p>&nbsp;<\/p>\n<h3>Torsdag 15. Mars<\/h3>\n<p>Foredrag av Carl Henrik G\u00f6rbitz, Professor, Kjemisk Institutt, UiO: <i>Nobelprisen i kjemi 2011.<\/i><\/p>\n<p>Dan Shechtman &#8211; the discovery of\u00a0quasicrystals.<\/p>\n<h3>Torsdag 3. mai<\/h3>\n<p>Foredrag av Bj\u00f8rnar Arstad, PhD, SINTEF Materialer og kjemi, avdeling prosesskjemi: <i>NMR ved nytt GEMINI Senter innen<br \/>\nspektroskopi<\/i><\/p>\n<h3>Torsdag 11. oktober<\/h3>\n<p>Foredrag av Reinhard Nesper, Department of Chemistry and Applied Biosciences: <i>4 short stories on solids<\/i><\/p>\n<h3>Torsdag 1. november<\/h3>\n<p>Foredrag av Kjartan Boman, Forsker, Jotun: <i>Antifouling \u2013 groehindrende malinger <\/i><\/p>\n<h3>Onsdag 21. nov<\/h3>\n<p>Bedriftsbes\u00f8k hos Freia<\/p>\n<h2>Program 2011<\/h2>\n<h3>Torsdag 3. februar<\/h3>\n<p>Generalforsamling | Foredrag av Trond Vidar Hansen, 1. amanuensis, Farmas\u00f8ytisk Institutt, UiO: <i>Nobelprisen i kjemi 2010<\/i>.<\/p>\n<p>&nbsp;<\/p>\n<h3>Torsdag 17. Mars<\/h3>\n<p>Foredrag av Marcel Sandberg &#8211; Tramontane: <i>Organoleptisk inntrykk av vin. Hvorfor Syrah smaker Syrah, Pinot Pinot og noen ganger Syrah Pinot og Pinot Syrah <\/i>.<\/p>\n<h3>Torsdag 5. Mai<\/h3>\n<p>Foredragsholdere: Mikkel Christensen, Susan Braovac og Hartmut Kutzke, Kulturhistorisk museum, UiO: <i>Kunsten \u00e5 bevare vikingkunst &#8211; ingen enkel kunst<\/i>.<\/p>\n<h3>Torsdag 26. Mai<\/h3>\n<p>Bedriftsbes\u00f8k: <i>Solcellelaboratoriet ved Institutt for energiteknologi, IFE<\/i><\/p>\n<h3>Torsdag 9. juni<\/h3>\n<p>Foredragsholder: Trygve Eklund, Teknologisk Matforum, men mest meg selv!: <i>Tilsetningsstoffer til besv\u00e6r &#8211; fakta, tro og overtro<\/i>.<\/p>\n<h3>Torsdag 24. november<\/h3>\n<p>Bedriftsbes\u00f8k: <i>Arcus &#8211; Norsk Whisky, bakgrunn og gjennomf\u00f8ring &#8211; vin og tapas <\/i><\/p>\n<h2>Program 2010<\/h2>\n<h3>Torsdag 4. februar<\/h3>\n<p>Generalforsamling | Foredrag av Professor Lise-Lotte Gundersen, Kjemisk Institutt, UiO: <i>Nobelprisen i kjemi 2009<\/i>.<\/p>\n<h3>Torsdag 4. mars<\/h3>\n<p>Foredrag av Senioringeni\u00f8r Knut Endre Sj\u00e5stad, Kjemisk og teknisk seksjon, Kripos: <i>Kast v\u00e5penet og kom ut med hendene over hodet!<br \/>\nVi har en byrette og er ikke redd for \u00e5 bruke den!! <\/i> |<\/p>\n<h3>Torsdag 29. april<\/h3>\n<p>Foredrag av<br \/>\nProfessor emeritus Unn Plather, Institutt for arkeologi, konservering og historie, UiO: <i>Kjemien i oljemalerier: <\/i><\/p>\n<p>Oljemaleriet i Nord-Europa<br \/>\np\u00e5 1100- og 1200-tallet<\/p>\n<h3>Torsdag 6. mai<\/h3>\n<p>Foredrag av<br \/>\nProfessor Deborah Oughton, Institutt for plante- og milj\u00f8vitenskap, UMB: <i>KSocial and ethical aspects of nanotechnology:<\/i><\/p>\n<p>Scarecrows or strawmen?<\/p>\n<h3>Torsdag 19. august<\/h3>\n<p>Foredrag av<br \/>\nMalcolm Reid, NIVA, Norsk institutt for vannforskning: <i>DrugMon \u2013 Et biomark\u00f8basert verkt\u00f8y for monitorering av narkotikabruk og \u2013misbruk i Norge: <\/i><\/p>\n<p>Monitorering av narkotiske substanser i avl\u00f8psvannet<\/p>\n<h3>Torsdag 30. september<\/h3>\n<p>Kurs av<br \/>\nFabrikksjef Hanne S. Finstad, Forskerfabrikken: <i>Kjemiklovnerier<\/i><\/p>\n<h3>Torsdag 21. oktober<\/h3>\n<p>Foredrag av<br \/>\nTor Erik Kristensen, phd, Forsvarets Forskningsinstitutt: <i>Historien til de ledende bedrifter innen kjemi og farmasi<\/i><\/p>\n<h3>Torsdag 11. november<\/h3>\n<p>Bedriftsbes\u00f8k hos KRIPOS. <i>Tema: Hva jobber man med som kjemiker i Kripos?<\/i><\/p>\n<h2>Medlemsm\u00f8ter 2009<\/h2>\n<h3>Torsdag 5. februar 2009<\/h3>\n<p>Generalforsamling<\/p>\n<h3>Torsdag 19. mars 2009<\/h3>\n<p>Foredrag av Professor Emeritus Tor Dahl: <i>Odd Hassel &#8211;<br \/>\nHvem han var og hva han gjorde<\/i><\/p>\n<h3>Torsdag 16. april 2009<\/h3>\n<p>Foredrag av Forskningskjemiker Anders Grinr\u00f8d, M-I Swaco Production Technologies: <i>Produksjonskjemikalier: Kjemiske l\u00f8sninger p\u00e5 problemer i oljeindustrien<\/i><\/p>\n<h3>Torsdag 14. mai 2009<\/h3>\n<p>Foredrag av Peter Hemmersbach, Norges laboratorium for dopinganalyse, Oslo universitetssykehus og Farmas\u00f8ytisk institutt, Universitetet i Oslo: <i>Dopinganalyse \u2013 et arbeidsomr\u00e5de i stadig utvikling<\/i><\/p>\n<h3>S\u00f8ndag 14. og mandag 15. juni<\/h3>\n<p>Bedriftsbes\u00f8k hos Oslo Mikrobryggeri. Med innledende foredrag av\u00a0Vidar Bj\u00f8rnstad:\u00a0<i>Det er mye god kjemi i godt \u00f8l!<\/i><\/p>\n<h3>Torsdag 24. september<\/h3>\n<p>Foredrag av Martin Lersch, Borregaard.\u00a0<i>Kjemi p\u00e5 kj\u00f8kkenet<\/i><\/p>\n<h3>Torsdag 29. oktober<\/h3>\n<p>Foredrag av J\u00f8rgen Sjaastad, Fysisk Institutt, UiO.\u00a0<i>Hvordan kan rollemodeller i realfag \u00f8ke rekruttering til kjemifaget?<\/i><\/p>\n<h3>Torsdag 12. november<\/h3>\n<p>Foredrag av Professor Truls Norby, Kjemisk Institutt, UiO.\u00a0<i>Kan sement bli superledende?<\/i><\/p>\n<h3>Tirsdag 24. november<\/h3>\n<p>Bedriftsbes\u00f8k p\u00e5 Mikro- og nanoteknologilaboratoriet.\u00a0<i>MiNa-bygget, Gaustadall\u00e9en 23C<\/i><\/p>\n<h2>Medlemsm\u00f8ter 2008<\/h2>\n<p><b>Torsdag 24. januar 2008<\/b><\/p>\n<p>Bedriftsbes\u00f8k PETsenteret.<\/p>\n<p><b>Torsdag 28. februar 2008<\/b><\/p>\n<p>Generalforsamling<\/p>\n<p><b>Mandag 28. april 2008<\/b><\/p>\n<p>Foredrag av Professor Bj\u00f8rn Steen Sk\u00e5lhegg<\/p>\n<p><b> Torsdag 15. mai 2008<\/b><\/p>\n<p>Foredrag av Professor Signe Kjelstrup<\/p>\n<p><b>Torsdag 12. juni 2008<\/b><\/p>\n<p>Bedriftsbes\u00f8k hos Arcus AS<\/p>\n<p><b>Onsdag 17. spetember 2008<\/b><\/p>\n<p>Foredrag av Richard Blom<\/p>\n<p><b>Torsdag 23. oktober 2008<\/b><\/p>\n<p>Foredrag av Svein St\u00f8len<\/p>\n<p><b>Torsdag 6. november 2008<\/b><\/p>\n<p>Foredrag av Svein Lillest\u00f8l<\/p>\n","protected":false},"excerpt":{"rendered":"<p>Program 2016 Torsdag 2. juni Foredrag av Caitlin McQueen, Emilt McHale, Fabrizio Andriulo og Susan Braovac: &laquo;The Saving Oseberg Project \u2013 Chemistry for the salvation of Viking Age wooden artefacts??&raquo; &nbsp; Program 2015 Torsdag 19. februar Generalforsamling. Foredrag av Professor Stig Ove B\u00f8e, Oslo Universitetssykehus, Rikshospitalet,\u00a0Institutt for Klinisk Biokjemi Nobelprisen i kjemi 2014 Torsdag 30. &#8230; <a title=\"M\u00f8ter 2008 &#8211; 2016\" class=\"read-more\" href=\"https:\/\/kjemi.no\/oslo\/moter-2008-2016\/\" aria-label=\"Read more about M\u00f8ter 2008 &#8211; 2016\">Les mer<\/a><\/p>\n","protected":false},"author":1,"featured_media":0,"parent":0,"menu_order":0,"comment_status":"closed","ping_status":"closed","template":"","meta":{"footnotes":""},"class_list":["post-28","page","type-page","status-publish"],"_links":{"self":[{"href":"https:\/\/kjemi.no\/oslo\/wp-json\/wp\/v2\/pages\/28","targetHints":{"allow":["GET"]}}],"collection":[{"href":"https:\/\/kjemi.no\/oslo\/wp-json\/wp\/v2\/pages"}],"about":[{"href":"https:\/\/kjemi.no\/oslo\/wp-json\/wp\/v2\/types\/page"}],"author":[{"embeddable":true,"href":"https:\/\/kjemi.no\/oslo\/wp-json\/wp\/v2\/users\/1"}],"replies":[{"embeddable":true,"href":"https:\/\/kjemi.no\/oslo\/wp-json\/wp\/v2\/comments?post=28"}],"version-history":[{"count":5,"href":"https:\/\/kjemi.no\/oslo\/wp-json\/wp\/v2\/pages\/28\/revisions"}],"predecessor-version":[{"id":39,"href":"https:\/\/kjemi.no\/oslo\/wp-json\/wp\/v2\/pages\/28\/revisions\/39"}],"wp:attachment":[{"href":"https:\/\/kjemi.no\/oslo\/wp-json\/wp\/v2\/media?parent=28"}],"curies":[{"name":"wp","href":"https:\/\/api.w.org\/{rel}","templated":true}]}}