

{"id":50,"date":"2018-10-30T09:38:19","date_gmt":"2018-10-30T09:38:19","guid":{"rendered":"https:\/\/kjemi.no\/organisk2\/?page_id=50"},"modified":"2026-01-15T11:49:47","modified_gmt":"2026-01-15T11:49:47","slug":"arsrapporter-og-referater","status":"publish","type":"page","link":"https:\/\/kjemi.no\/organisk\/arsrapporter-og-referater\/","title":{"rendered":"\u00c5rsrapporter og referater"},"content":{"rendered":"<p>(PDF-filer)<\/p>\n<p><a href=\"https:\/\/kjemi.no\/organisk\/wp-content\/uploads\/sites\/13\/2026\/01\/FOK-Arsberetning-2025-AV.pdf\">FOK \u00c5rsberetning 2025<\/a><\/p>\n<p><a href=\"https:\/\/kjemi.no\/organisk\/wp-content\/uploads\/sites\/13\/2026\/01\/Referat-fra-generalforsamling-Norsk-Kjemisk-Selskap-2026_Sign-BEH.pdf\">Referat fra generalforsamling Norsk Kjemisk Selskap 2026<\/a><\/p>\n<p><a href=\"https:\/\/kjemi.no\/organisk\/wp-content\/uploads\/sites\/13\/2025\/01\/FOK-Arsberetning-2024-AV.pdf\">FOK \u00c5rsberetning 2024<\/a><\/p>\n<p><a href=\"https:\/\/kjemi.no\/organisk\/wp-content\/uploads\/sites\/13\/2025\/01\/Referat-fra-generalforsamling-Norsk-Kjemisk-Selskap-2025.pdf\">Referat fra generalforsamling Norsk Kjemisk Selskap 2025<\/a><\/p>\n<p><a href=\"https:\/\/kjemi.no\/organisk\/wp-content\/uploads\/sites\/13\/2024\/01\/Referat-generalforsamling-FOK-2024.pdf\">Referat fra generalforsamling 2024<\/a>\u00a0 <a href=\"https:\/\/kjemi.no\/organisk\/wp-content\/uploads\/sites\/13\/2024\/01\/FOK-Arsberetning-2023.pdf\">FOK \u00c5rsberetning for \u00e5r 2023<\/a><\/p>\n<p><a href=\"https:\/\/kjemi.no\/organisk\/wp-content\/uploads\/sites\/13\/2023\/01\/Referat-FOK-generalforsamling-2023.pdf\">Referat fra generalforsamling 2023<\/a>\u00a0 \u00a0<a href=\"https:\/\/kjemi.no\/organisk\/wp-content\/uploads\/sites\/13\/2023\/02\/FOK-Arsberetning-for-ar-2022.pdf\">FOK \u00c5rsberetning for \u00e5r 2022<\/a><\/p>\n<p><a href=\"\/organisk-arkiv\/pdf\/arsrapport-2012.pdf\">\u00c5rsrapport 2012<\/a><\/p>\n<p><a href=\"\/organisk-arkiv\/pdf\/FOK-generalforsamling-2009.pdf\">Referat fra generalforsamling 2009<\/a><\/p>\n<p><a href=\"\/organisk-arkiv\/pdf\/FOK-beretning-2008.pdf\">\u00c5rsrapport 2008<\/a><\/p>\n<p><a href=\"\/organisk-arkiv\/pdf\/FOK-beretning-2007.pdf\">\u00c5rsrapport 2007<\/a>\u00a0 \u00a0<a href=\"\/organisk-arkiv\/pdf\/referat_generalforsamling2007.pdf\">Referat fra generalforsamling 2007<\/a><\/p>\n<p><a href=\"\/organisk-arkiv\/pdf\/FOK-beretning-2006.pdf\">\u00c5rsrapport 2006<\/a>\u00a0 \u00a0<a href=\"\/organisk-arkiv\/pdf\/referat_generalforsamling2006.pdf\">Referat fra generalforsamling 2006<\/a><\/p>\n<p><a href=\"\/organisk-arkiv\/pdf\/aarsrapport2005.pdf\">\u00c5rsrapport 2005<\/a>\u00a0 \u00a0<a href=\"\/organisk-arkiv\/pdf\/referat_generalforsamling2005.pdf\">Referat fra generalforsamling 2005<\/a><\/p>\n<p><a href=\"\/organisk-arkiv\/pdf\/aarsrapport2004.pdf\">\u00c5rsrapport 2004<\/a>\u00a0\u00a0<a href=\"\/organisk-arkiv\/pdf\/referat_generalforsamling2004.pdf\">Referat fra generalforsamling 2004<\/a><\/p>\n<p><a href=\"\/organisk-arkiv\/pdf\/aarsrapport2003.pdf\">\u00c5rsrapport 2003<\/a><\/p>\n","protected":false},"excerpt":{"rendered":"<p>(PDF-filer) FOK \u00c5rsberetning 2025 Referat fra generalforsamling Norsk Kjemisk Selskap 2026 FOK \u00c5rsberetning 2024 Referat fra generalforsamling Norsk Kjemisk Selskap 2025 Referat fra generalforsamling 2024\u00a0 FOK \u00c5rsberetning for \u00e5r 2023 Referat fra generalforsamling 2023\u00a0 \u00a0FOK \u00c5rsberetning for \u00e5r 2022 \u00c5rsrapport 2012 Referat fra generalforsamling 2009 \u00c5rsrapport 2008 \u00c5rsrapport 2007\u00a0 \u00a0Referat fra generalforsamling 2007 \u00c5rsrapport 2006\u00a0 &#8230; <a title=\"\u00c5rsrapporter og referater\" class=\"read-more\" href=\"https:\/\/kjemi.no\/organisk\/arsrapporter-og-referater\/\" aria-label=\"Read more about \u00c5rsrapporter og referater\">Les mer<\/a><\/p>\n","protected":false},"author":1,"featured_media":0,"parent":0,"menu_order":0,"comment_status":"closed","ping_status":"closed","template":"","meta":{"footnotes":""},"class_list":["post-50","page","type-page","status-publish"],"_links":{"self":[{"href":"https:\/\/kjemi.no\/organisk\/wp-json\/wp\/v2\/pages\/50","targetHints":{"allow":["GET"]}}],"collection":[{"href":"https:\/\/kjemi.no\/organisk\/wp-json\/wp\/v2\/pages"}],"about":[{"href":"https:\/\/kjemi.no\/organisk\/wp-json\/wp\/v2\/types\/page"}],"author":[{"embeddable":true,"href":"https:\/\/kjemi.no\/organisk\/wp-json\/wp\/v2\/users\/1"}],"replies":[{"embeddable":true,"href":"https:\/\/kjemi.no\/organisk\/wp-json\/wp\/v2\/comments?post=50"}],"version-history":[{"count":11,"href":"https:\/\/kjemi.no\/organisk\/wp-json\/wp\/v2\/pages\/50\/revisions"}],"predecessor-version":[{"id":262,"href":"https:\/\/kjemi.no\/organisk\/wp-json\/wp\/v2\/pages\/50\/revisions\/262"}],"wp:attachment":[{"href":"https:\/\/kjemi.no\/organisk\/wp-json\/wp\/v2\/media?parent=50"}],"curies":[{"name":"wp","href":"https:\/\/api.w.org\/{rel}","templated":true}]}}