

{"id":9,"date":"2014-08-18T19:49:33","date_gmt":"2014-08-18T19:49:33","guid":{"rendered":"http:\/\/kjemi.no\/matkjemi\/?page_id=9"},"modified":"2020-02-07T21:10:07","modified_gmt":"2020-02-07T21:10:07","slug":"styret-i-faggruppen-for-matkjemi","status":"publish","type":"page","link":"https:\/\/kjemi.no\/matkjemi\/","title":{"rendered":"Om faggruppen for matkjemi"},"content":{"rendered":"<p>Tidligere faggruppe for ern\u00e6ring og\u00a0n\u00e6ringsmiddelteknologi (FENT) har skiftet navn til\u00a0NKS\u2019 faggruppe for matkjemi.<\/p>\n<p>Dette ble vedtatt p\u00e5 r\u00e5dsm\u00f8tet i NKS 9.4.14.<\/p>\n<p>Faggruppen hadde en egen sesjon under <a href=\"http:\/\/kj-gibbs.uio.no\/nks\/\">Landsm\u00f8tet i kjemi 29. &#8211; 30. oktober 2014<\/a>.<\/p>\n<h3>Medlemskap<\/h3>\n<p>\u00d8nsker du medlemskap i faggruppen, sender du en epost til medlem@kjemi.no om dette.<\/p>\n<p>Er du ikke medlem av NKS,<a href=\"http:\/\/kjemi.no\/medlemskap\/\"> m\u00e5 du melde deg inn f\u00f8rst<\/a>.<\/p>\n<h3>Styret<\/h3>\n<p>Leder: <strong>Hans-Jacob Skarpeid<\/strong>; hans-jacob.skarpeid@reflektor-as.no<br \/>\nNestleder: <strong>Elisabeth Fj\u00e6rvoll Olsen<\/strong>; elisabeth.f.olsen@nortura.no<br \/>\nSekret\u00e6r: <strong>Stig Valdersnes<\/strong>; Stig.Valdersnes@hi.no<br \/>\nKasserer: <strong>Tove Devold<\/strong>; tove-gulbrandsen.devold@nmbu.no<br \/>\nStyremedlem: <strong>Arild Johannessen<\/strong>; arjo@norceresearch.no<br \/>\nStyremedlem: <strong>Yngve Stenstr\u00f8m<\/strong>; yngve.stenstrom@nmbu.no<br \/>\nVaramedlem: <strong>Trygve Eklund<\/strong>; tryeklu@online.no<br \/>\nRevisor: <strong>Terje S\u00f8rhaug<\/strong>; terje.sorhaug@nmbu.no<\/p>\n","protected":false},"excerpt":{"rendered":"<p>Tidligere faggruppe for ern\u00e6ring og\u00a0n\u00e6ringsmiddelteknologi (FENT) har skiftet navn til\u00a0NKS\u2019 faggruppe for matkjemi. Dette ble vedtatt p\u00e5 r\u00e5dsm\u00f8tet i NKS 9.4.14. Faggruppen hadde en egen sesjon under Landsm\u00f8tet i kjemi 29. &#8211; 30. oktober 2014. Medlemskap \u00d8nsker du medlemskap i faggruppen, sender du en epost til medlem@kjemi.no om dette. Er du ikke medlem av NKS, &#8230; <a title=\"Om faggruppen for matkjemi\" class=\"read-more\" href=\"https:\/\/kjemi.no\/matkjemi\/\" aria-label=\"Read more about Om faggruppen for matkjemi\">Les mer<\/a><\/p>\n","protected":false},"author":1,"featured_media":0,"parent":0,"menu_order":0,"comment_status":"closed","ping_status":"closed","template":"","meta":{"footnotes":""},"class_list":["post-9","page","type-page","status-publish"],"_links":{"self":[{"href":"https:\/\/kjemi.no\/matkjemi\/wp-json\/wp\/v2\/pages\/9","targetHints":{"allow":["GET"]}}],"collection":[{"href":"https:\/\/kjemi.no\/matkjemi\/wp-json\/wp\/v2\/pages"}],"about":[{"href":"https:\/\/kjemi.no\/matkjemi\/wp-json\/wp\/v2\/types\/page"}],"author":[{"embeddable":true,"href":"https:\/\/kjemi.no\/matkjemi\/wp-json\/wp\/v2\/users\/1"}],"replies":[{"embeddable":true,"href":"https:\/\/kjemi.no\/matkjemi\/wp-json\/wp\/v2\/comments?post=9"}],"version-history":[{"count":18,"href":"https:\/\/kjemi.no\/matkjemi\/wp-json\/wp\/v2\/pages\/9\/revisions"}],"predecessor-version":[{"id":44,"href":"https:\/\/kjemi.no\/matkjemi\/wp-json\/wp\/v2\/pages\/9\/revisions\/44"}],"wp:attachment":[{"href":"https:\/\/kjemi.no\/matkjemi\/wp-json\/wp\/v2\/media?parent=9"}],"curies":[{"name":"wp","href":"https:\/\/api.w.org\/{rel}","templated":true}]}}