

{"id":59,"date":"2024-02-29T15:08:08","date_gmt":"2024-02-29T14:08:08","guid":{"rendered":"https:\/\/kjemi.no\/bergen\/?page_id=59"},"modified":"2024-03-11T13:55:23","modified_gmt":"2024-03-11T12:55:23","slug":"avdelingens-historie","status":"publish","type":"page","link":"https:\/\/kjemi.no\/bergen\/avdelingens-historie\/","title":{"rendered":"Avdelingens historie"},"content":{"rendered":"<p>Bergen avdeling av Norsk Kjemisk Selskap ble vedtatt stiftet som &laquo;Den kjemiske forening i Bergen&raquo; 29. november 1923. Det konstituerende m\u00f8tet ble holdt 15. desember samme \u00e5r, og dr. ing. Thomas Svan\u00f8e ble valgt til formann, et verv han hadde i 11 \u00e5r. I 1926 gikk foreningen inn i Norsk Kjemisk Selskap etter at Selskapet hadde l\u00f8srevet seg fra Polyteknisk Forening (PF) og blitt en landsomfattende forening &laquo;av lokale avdelinger med det form\u00e5l \u00e5 fremme kjemisk vitenskap og teknikk og \u00e5 representere den\u00a0 norske kjemikerstand&raquo;, som professor Sven G. Terjesen sl\u00e5r fast i\u00a0 jubileumsboka &laquo;Norsk Kjemisk Selskap 1893 &#8211; 1993&raquo;. &laquo;Den kjemiske forening i Bergen&raquo; skiftet dermed navn til Bergen avdeling avd Norsk Kjemisk Selskap.<\/p>\n<p>For b\u00e5de Kjemiforeningen og Bergen avdeling ble Svan\u00f8e en garantist for interessante m\u00f8ter og god aktivitet. Han var leder i de 11 f\u00f8rste \u00e5rene, men var aktiv til han passerte 90. Han ble \u00e6resmedlem i NKS i 1972 og d\u00f8de i 1985, 95 \u00e5r gammel.<\/p>\n<p>Avdelingen publiserte jubileumsskrift b\u00e5de til <a href=\"https:\/\/kjemi.no\/bergen\/wp-content\/uploads\/sites\/14\/2024\/03\/NKS-Bergen-avdeling-50-arsjub-bearbeidet.pdf\">50 \u00e5rsjubileet i 1973<\/a> og <a href=\"https:\/\/kjemi.no\/bergen\/wp-content\/uploads\/sites\/14\/2024\/03\/NKS-Bergen-avdeling-75-arsjub-bearbeidet.pdf\">75-\u00e5rsjubileet i 1998.<\/a><\/p>\n<p>Leiv K. Sydnes<\/p>\n<p>&nbsp;<\/p>\n","protected":false},"excerpt":{"rendered":"<p>Bergen avdeling av Norsk Kjemisk Selskap ble vedtatt stiftet som &laquo;Den kjemiske forening i Bergen&raquo; 29. november 1923. Det konstituerende m\u00f8tet ble holdt 15. desember samme \u00e5r, og dr. ing. Thomas Svan\u00f8e ble valgt til formann, et verv han hadde i 11 \u00e5r. I 1926 gikk foreningen inn i Norsk Kjemisk Selskap etter at Selskapet &#8230; <a title=\"Avdelingens historie\" class=\"read-more\" href=\"https:\/\/kjemi.no\/bergen\/avdelingens-historie\/\" aria-label=\"Read more about Avdelingens historie\">Les mer<\/a><\/p>\n","protected":false},"author":1,"featured_media":0,"parent":0,"menu_order":0,"comment_status":"closed","ping_status":"closed","template":"","meta":{"footnotes":""},"class_list":["post-59","page","type-page","status-publish"],"_links":{"self":[{"href":"https:\/\/kjemi.no\/bergen\/wp-json\/wp\/v2\/pages\/59","targetHints":{"allow":["GET"]}}],"collection":[{"href":"https:\/\/kjemi.no\/bergen\/wp-json\/wp\/v2\/pages"}],"about":[{"href":"https:\/\/kjemi.no\/bergen\/wp-json\/wp\/v2\/types\/page"}],"author":[{"embeddable":true,"href":"https:\/\/kjemi.no\/bergen\/wp-json\/wp\/v2\/users\/1"}],"replies":[{"embeddable":true,"href":"https:\/\/kjemi.no\/bergen\/wp-json\/wp\/v2\/comments?post=59"}],"version-history":[{"count":9,"href":"https:\/\/kjemi.no\/bergen\/wp-json\/wp\/v2\/pages\/59\/revisions"}],"predecessor-version":[{"id":118,"href":"https:\/\/kjemi.no\/bergen\/wp-json\/wp\/v2\/pages\/59\/revisions\/118"}],"wp:attachment":[{"href":"https:\/\/kjemi.no\/bergen\/wp-json\/wp\/v2\/media?parent=59"}],"curies":[{"name":"wp","href":"https:\/\/api.w.org\/{rel}","templated":true}]}}

<p>Bergen avdeling av Norsk Kjemisk Selskap ble vedtatt stiftet som &laquo;Den kjemiske forening i Bergen&raquo; 29. november 1923. Det konstituerende møtet ble holdt 15. desember samme år, og dr. ing. Thomas Svanøe ble valgt til formann, et verv han hadde i 11 år. I 1926 gikk foreningen inn i Norsk Kjemisk Selskap etter at Selskapet hadde løsrevet seg fra Polyteknisk Forening (PF) og blitt en landsomfattende forening &laquo;av lokale avdelinger med det formål å fremme kjemisk vitenskap og teknikk og å representere den  norske kjemikerstand&raquo;, som professor Sven G. Terjesen slår fast i  jubileumsboka &laquo;Norsk Kjemisk Selskap 1893 &#8211; 1993&raquo;. &laquo;Den kjemiske forening i Bergen&raquo; skiftet dermed navn til Bergen avdeling avd Norsk Kjemisk Selskap.</p>
<p>For både Kjemiforeningen og Bergen avdeling ble Svanøe en garantist for interessante møter og god aktivitet. Han var leder i de 11 første årene, men var aktiv til han passerte 90. Han ble æresmedlem i NKS i 1972 og døde i 1985, 95 år gammel.</p>
<p>Avdelingen publiserte jubileumsskrift både til <a href="https://kjemi.no/bergen/wp-content/uploads/sites/14/2024/03/NKS-Bergen-avdeling-50-arsjub-bearbeidet.pdf">50 årsjubileet i 1973</a> og <a href="https://kjemi.no/bergen/wp-content/uploads/sites/14/2024/03/NKS-Bergen-avdeling-75-arsjub-bearbeidet.pdf">75-årsjubileet i 1998.</a></p>
<p>Leiv K. Sydnes</p>
<p>&nbsp;</p>

<p>Bergen avdeling av Norsk Kjemisk Selskap ble vedtatt stiftet som &laquo;Den kjemiske forening i Bergen&raquo; 29. november 1923. Det konstituerende møtet ble holdt 15. desember samme år, og dr. ing. Thomas Svanøe ble valgt til formann, et verv han hadde i 11 år. I 1926 gikk foreningen inn i Norsk Kjemisk Selskap etter at Selskapet &#8230; <a title="Avdelingens historie" class="read-more" href="https://kjemi.no/bergen/avdelingens-historie/" aria-label="Read more about Avdelingens historie">Les mer</a></p>
