

{"id":18,"date":"2019-03-17T15:01:42","date_gmt":"2019-03-17T14:01:42","guid":{"rendered":"https:\/\/kjemi.no\/bergen\/?page_id=18"},"modified":"2025-08-20T20:30:37","modified_gmt":"2025-08-20T19:30:37","slug":"styret","status":"publish","type":"page","link":"https:\/\/kjemi.no\/bergen\/styret\/","title":{"rendered":"Avdelingsstyret"},"content":{"rendered":"<p>P\u00e5 generalforsamlingen 30. januar 2025 ble f\u00f8lgende styre valgt:<\/p>\n<p style=\"padding-left: 40px\">Leiv K. Sydnes (leder)<br \/>\nJarle S. Diesen (\u00f8konomiansvarlig)<br \/>\nOle H. Kvernenes (styremedlem)<br \/>\nTorill A. Standal (styremedlem)<\/p>\n","protected":false},"excerpt":{"rendered":"<p>P\u00e5 generalforsamlingen 30. januar 2025 ble f\u00f8lgende styre valgt: Leiv K. Sydnes (leder) Jarle S. Diesen (\u00f8konomiansvarlig) Ole H. Kvernenes (styremedlem) Torill A. Standal (styremedlem)<\/p>\n","protected":false},"author":1,"featured_media":0,"parent":0,"menu_order":0,"comment_status":"closed","ping_status":"closed","template":"","meta":{"footnotes":""},"class_list":["post-18","page","type-page","status-publish"],"_links":{"self":[{"href":"https:\/\/kjemi.no\/bergen\/wp-json\/wp\/v2\/pages\/18","targetHints":{"allow":["GET"]}}],"collection":[{"href":"https:\/\/kjemi.no\/bergen\/wp-json\/wp\/v2\/pages"}],"about":[{"href":"https:\/\/kjemi.no\/bergen\/wp-json\/wp\/v2\/types\/page"}],"author":[{"embeddable":true,"href":"https:\/\/kjemi.no\/bergen\/wp-json\/wp\/v2\/users\/1"}],"replies":[{"embeddable":true,"href":"https:\/\/kjemi.no\/bergen\/wp-json\/wp\/v2\/comments?post=18"}],"version-history":[{"count":6,"href":"https:\/\/kjemi.no\/bergen\/wp-json\/wp\/v2\/pages\/18\/revisions"}],"predecessor-version":[{"id":229,"href":"https:\/\/kjemi.no\/bergen\/wp-json\/wp\/v2\/pages\/18\/revisions\/229"}],"wp:attachment":[{"href":"https:\/\/kjemi.no\/bergen\/wp-json\/wp\/v2\/media?parent=18"}],"curies":[{"name":"wp","href":"https:\/\/api.w.org\/{rel}","templated":true}]}}

<p>På generalforsamlingen 30. januar 2025 ble følgende styre valgt:</p>
<p style="padding-left: 40px">Leiv K. Sydnes (leder)<br />
Jarle S. Diesen (økonomiansvarlig)<br />
Ole H. Kvernenes (styremedlem)<br />
Torill A. Standal (styremedlem)</p>

<p>På generalforsamlingen 30. januar 2025 ble følgende styre valgt: Leiv K. Sydnes (leder) Jarle S. Diesen (økonomiansvarlig) Ole H. Kvernenes (styremedlem) Torill A. Standal (styremedlem)</p>
